7 - (-56 + -1) - 94?
-65
Calculate -141 - -80 - (-43 - -3).
-21
Calculate (-685 - -728) + (4 - (-2 + 6) - (3 + -1)).
41
Evaluate (-14 - (-35 - -67)) + 55 + (73 - 1).
81
Evaluate (4 - (-5 + 4)) + (74 - 68).
11
(-1 - 32) + (-155 + 288 - 116)
-16
What is (9 - 12) + 3 + 48 + -7 + -6?
35
Calculate (-30 - 4) + 1 - (2 - 114).
79
-99 - (-10 + 40 + -61 + -5)
-63
23 - 36 - -26 - 74
-61
What is the value of -31 + (-7 - (-4 + 11) - 0) + 25?
-20
What is 63 - (16 + -8 - -6) - 12?
37
Calculate 4 - (1 + -3) - (9 - 23 - -28) - 45.
-53
-58 + (82 - (41 + -8))
-9
What is the value of 884 + -871 + 1 + 0?
14
12 + (3 + 5 - -3) + 95 + -88
30
What is 13 + -2 + (-10 + -10 - 6) + -17?
-32
What is (-10 - 0) + 1 + (7 - ((-13 - 5) + -7))?
23
Evaluate (-34 - 8) + 28 + 51.
37
What is the value of (38 - 66 - 5) + 68?
35
What is the value of 6 + -29 - (-37 + -14)?
28
Calculate -57 + (14 - -24) + (-47 - -5).
-61
Calculate 22 + (6 - (-13 + 35 + -6)).
12
-3 + 5 + (-5 - -1) - (-62 - 10 - 9)
79
Calculate -32 + 18 - (-8 + -6 + -10).
10
Evaluate 0 + 154 + 2980 + -3025 - 0.
109
Evaluate -150 - (27 - (8 + 101)).
-68
Evaluate 46 - 59 - (-24 + -8 - -3).
16
What is -31 + (15 - 51 - -71) + 39?
43
What is the value of (5 - 1) + (-16 - -20) - (-13 + 4 + 3)?
14
What is the value of 69 - (47 + 0 - (1825 + -1767))?
80
Calculate (3 - -42) + (-1 - (-12 + 14)) + -10.
32
Calculate (-254 - -198) + 177 - (0 - 13).
134
14 - (-148 + 64 - -71)
27
What is the value of 55 + -42 + -11 - 30?
-28
What is 0 + ((15 - 13 - 3) + -2 - -27)?
24
86 - ((73 - -57) + 29)
-73
Calculate -1 + -10 + (0 - 4) + 4 + 547 + -542.
-6
(692 + -690 - (0 + -9)) + -25
-14
Evaluate -64 + (-113 - -33 - -78).
-66
What is the value of -4 - (-2 - 13 - (6 - -4 - 42))?
-21
What is (30 - (64 - 23)) + 27?
16
Evaluate 90 + -33 - (-7 + 20).
44
Evaluate -64 + (-19 - (19 - 54)).
-48
Evaluate ((0 - 26) + (272 - 209) - -20) + -1 + -1.
55
Calculate (-38 - -52) + 5 + -6 - -13.
26
Evaluate -20 - (-4 + (0 - 9)) - 11 - 88.
-106
(-18 - -20 - -15 - 7) + -4
6
What is the value of 1 + (1 - -3) + (42 - -48) + -33?
62
What is (-186 - -61) + 18 + -18?
-125
Calculate -42 + (195 - 147) - -21.
27
Calculate 44 - ((-2 - -16) + 37).
-7
Calculate 626 + -500 - (8 - 1 - (1 - 5)).
115
Evaluate (-11 - -2) + (-212 - 122 - -221).
-122
4 + (34 - 63) + -41
-66
What is -18 - (4 + -2 + -2 + -4) - -2?
-12
Calculate (-31 + -14 - -33) + (-2 - 3).
-17
What is (-23 + 33 + 22 - (1 + -2)) + 2?
35
What is the value of -1 + -1 - -3 - ((-19 - (-9 + 9)) + 33)?
-13
13 + (62 - 86) - (4 - 101 - 2)
88
Calculate -49 - -18 - (-32 + -1 - 24).
26
11622 + -11483 - (-4 + (3 - 1))
141
Calculate -51 - (26 + -20) - -6.
-51
Evaluate -14 + (13 - -6) - (19 - 16).
2
Evaluate 22 - (34 + 10 + 14).
-36
Evaluate -114 + 55 + 69 + 51.
61
(-12 - -23) + (5 - 59)
-43
Evaluate 18 - ((-11 - 1) + (3 - (28 - 20))).
35
30 + -122 + 46 - -18
-28
What is (1 - 33) + (-115 - -91)?
-56
What is the value of 31 - (50 + (39 - 27))?
-31
What is 46 + 16 + 12 + -42?
32
What is the value of -9 - -18 - -1 - (2 + -6 + -1)?
15
(0 - -5 - (34 + -35)) + (20 - (5 - -92))
-71
Evaluate -18 + 91 + (7 - (-1 + (4 - (8 + -3)))).
82
-114 - (-33 + -7) - -169
95
What is (46 - (14 - -37)) + 29?
24
-3 + (2 - 1) + -4 + (-163 - -223)
54
What is -30 - (-64 + -17) - (17 - 0)?
34
Evaluate -2703 + 2716 - (-1 + (-113 - -2)).
125
What is the value of -97 + 38 - (-213 + 181)?
-27
What is (-87 - -177) + 8 + -3 + -2 + 9?
102
Evaluate -54 - (-58 + 88 + -77).
-7
Calculate 7 - 1 - (-656 - -669) - 15.
-22
46 - ((9 + (-6 - -2) - 3) + 128 + -124)
40
What is the value of ((-8 - 6) + 10 - -3 - 43) + (5 - 4)?
-43
What is (2 - (3 + -2 + -2) - (488 - 496)) + 17?
28
What is (19 - 7) + -9 + -170 + 20 + 17?
-130
What is 23 - (-1 + -3 + (-45 - -74) + -28)?
26
What is -1 - -62 - (-3497 - -3614)?
-56
Calculate 9 - (-9 - -17 - -9) - -48.
40
What is the value of -109 - (-13 + (-55 - 2))?
-39
What is 58 + -4 - (30 - 8 - 24) - -4?
60
What is -40 + -3 - (-15 - (1 - 23)) - -1?
-49
Evaluate 13 - (12 + -25 + 43).
-17
Calculate (-61 - -27) + 8 + 128 - 38.
64
Evaluate (-8 + (-16 - -9) - -12 - 9) + -17.
-29
Evaluate -90 - -154 - (-43 - -45).
62
Calculate (3 - 3 - -60) + (0 - 5) + 152 + -154.
53
What is -4 + (-5 - 32) - ((-32 - -41) + -15)?
-35
Evaluate -3 + 0 - (7 + -41 + 29) - 38.
-36
-23 - ((-3 - -7) + -6 + 18 - 15)
-24
0 + -61 - ((10 - 4) + 11 + -9 + -1)
-68
3 + (7 - (-1 - 4)) - (17 - -6)
-8
What is 10 - (153 - (-9 - -124))?
-28
What is -6 + -151 + 64 - -190?
97
Calculate 20 - 19 - 78 - (6 - (5 + 1) - 5).
-72
What is the value of 37 - (21 - (28 + 4))?
48
Calculate -66 - (-98 + 66 + 10).
-44
Evaluate -29 + 8 + -98 + 64.
-55
Evaluate -2 - (-44 + 79) - -22.
-15
26 + (-85 - 11) - ((-5 - 5) + (-5 - -3))
-58
Calculate -14 - (41 - (-16 - -22)).
-49
Evaluate 9 - 34 - (53 - 27) - (-7 - 0).
-44
Calculate (-19 - -33) + (-40 - (-36 - -18)).
-8
Calculate 57 + -14 + 8 - 88.
-37
Calculate -35 - 11 - -31 - ((-40 - -4) + -5).
26
Evaluate -6 + (-6 + 22 - -4 - 14) - -33.
33
Calculate -48 + (-7 - -1) + 2 + (2 + 3 - -10).
-37
Evaluate -46 + ((-131 - -63) + 72 - ((7 - 4) + 8)).
-53
What is the value of (283 - 206) + (-9 + -12 + 5 - -5)?
66
-28 - (-11 + 8 - 8) - -34
17
Evaluate (-29 - (2 + -16 + 9 + 8)) + 10.
-22
1 + -9 + 20 - (21 + -38)
29
Calculate -252 - (56 + -323) - (16 - (1 - 1)).
-1
Evaluate 1 + 0 + (-4 - -19) + -71 + 81.
26
What is (39 - -2) + (-28 - (-46 + 6))?
53
(41 - 71) + (-7 - (-9 + 7))
-35
What is the value of 12 + 0 + (44 - 15 - 61 - -64)?
44
Calculate (0 - -11) + (1 - 50) + (904 - 967).
-101
What is (-6 + -18 - 39) + 23?
-40
What is (-8 - -2) + (12 - 11) + -18 + 12 - 13?
-24
95 - (-56 - (-207 - -90))
34
What is 3 - (-5 + (-3 - -14) - 11) - -65?
73
What is the value of -9 - -3 - ((2 + -17 - -20) + 9)?
-20
Evaluate 5 - (-6 - (-1 - 0)) - (36 + -31 + 2).
3
Calculate (32 - 22 - -98) + (-12 - 5 - -38).
129
What is 4 - (3 - (-1 + -5)) - (-18 + 16 + -9)?
6
Evaluate 2 + 2 + -1 + 1 + (-1152 - -1160) - -1.
13
Calculate (9 + -8 - -6) + (-14 - -6) + -36.
-37
Evaluate 0 + 50 + (-7297 - -7325).
78
What is -21 + (23 - (-15 - -30)) - 16?
-29
Evaluate (-2 - 1) + (5 + -3 - 4) + 271 + -321.
-55
What is the value of 32 + -131 + -107 + 152?
-54
Evaluate 414 - (-276 - -579) - (11 - 0 - -2).
98
What is the value of (1 - (-49 + 2 + 19 + -18)) + -10 + 11?
48
Calculate (108 - 109) + 53 + -4.
48
Evaluate (1 + -3 - 1) + (49 - 32 - 20).
-6
Evaluate -65 + 100 + 23 + -66.
-8
38 + (-52 + 17 - 5)
-2
Evaluate 524 - 458 - (20 + 90).
-44
-20 - (-69 + -30 + 41) - 1
37
8 - 8 - -9 - (2 + 2) - -27
32
Calculate (-24 - -1) + 10 - -12.
-1
Evaluate 171 + (-62 - -24 - 34).
99
What is the value of (125 - 3) + -64 + (1 - 3)?
56
What is the value of 0 - 10 - (48 - 62) - (44 + -11)?
-29
Calculate (408 - 488) + (-7 - -3 - (-4 + 0)).
-80
What is -9 + (-11 - (-6 + -24)) - 64 - 20?
-74
Evaluate (2 - -6) + 5 + 25 + -103.
-65
(8 - 1) + 75 + (23 + (-62 - -27) - -8)
78
Evaluate (-103 - (10 - 275)) + -80.
82
What is the value of -22 + 1 - (-66 - 43 - -36)?
52
Evaluate (1 - -7) + 8 - 10 - (114 - 130).
22
-6 + (-451 - -431 - (-32 - 0))
6
Calculate (1444 - 1489) + 1 + 56.
12
What is 8 + 8 + -6 + -7 + 5 + -47 + -12?
-51
Evaluate (-25 - (5 + -15 + -7)) + (-3 + 8 - 11).
-14
Evaluate -127 + (-61 - -54) - -82.
-52
-17 - (-27 + 1) - (41 - 11)
-21
Evaluate -2 - (-24 + 1 + -1 - (77 + -73)).
26
2711 - 2690 - (1 - -62)
-42
What is the value of -3 + 8 - (-1 + 5 + -6 - (-25 + 14))?
-4
Evaluate -1 + 3 + -13 + (-3 - 7) + 10 + -2.
-13
-73 + 46 - 42 - -13
-56
What is -10 - (44 - (-12 - (-15 + -40)))?
-11
Calculate -31 - -17 - -28 - (-16 - -37).
-7
(38 + 1 - -2 - 3) + (-4 - 2) - 3
29
What is the value of -8 - ((-31 - -32 - (6 + 5)) + -5)?
7
-1 + 1 + 43 + -9 + 28 + -14
48
(-118 + 39 - -43) + -1
-37
14 - ((17 - -79) + -114)
32
(3 - 1) + 28 + 0 + (1105 - 1110)
25
What is the value of 40 + (7 - (13 + 11))?
23
Calculate 45 - (-181 - (-168 + 54)).
112
What is the value of (-45 - (-132 + 86)) + -21 + -2?
-22
What is -2 - (93 + -141 + 69 - (-94 + 1))?
-116
What is the value of (-2 - -1) + -102 + -1 + 82994 + -83001?
-111
Evaluate (-72 - 11) + (31 - -26).
-26
What is -22 + (-8 - -8) - 19?
-41
What is (-49 - -27) + (112 + (13 - 20) - 15)?
68
What is -2550 - -2567 - (-13 - 0 - -1)?
29
What is (-10 + 9 + -20 - -15) + (-38 - -2)?
-42
Evaluate 0 - -87 - (30 + -18 + (-3 - -5)